{"id":5650,"date":"2023-04-28T10:51:20","date_gmt":"2023-04-28T14:51:20","guid":{"rendered":"https:\/\/www.costachinchorro.cl\/ccc23\/?page_id=5650"},"modified":"2024-06-17T18:53:35","modified_gmt":"2024-06-17T22:53:35","slug":"playa-el-laucho","status":"publish","type":"page","link":"https:\/\/www.costachinchorro.cl\/ccc23\/playa-el-laucho\/","title":{"rendered":"Playa el Laucho"},"content":{"rendered":"<section class=\"wpb-content-wrapper\"><p>[vc_row equal_height=&#8221;yes&#8221; content_placement=&#8221;top&#8221; css_animation=&#8221;fadeIn&#8221;][vc_column width=&#8221;1\/2&#8243;][vc_custom_heading text=&#8221;Playa El Laucho, balneario ubicado en el borde costero sur de Arica, se encuentra habilitado los 365 d\u00edas del a\u00f1o, condici\u00f3n que comparte junto a playa a la Lisera, transformando a Arica en la \u00fanica ciudad del pa\u00eds con dos playas habilitadas durante todo el a\u00f1o.<\/p>\n<p>Est\u00e1 playa se encuentra protegida naturalmente del viento costero, y posee un oleaje muy suave, con temperaturas templadas y arenas blancas. Est\u00e1 equipada con ba\u00f1os, camarines y servicio de salvavidas, y cuenta con diferentes sectores y lugares de descanso para los visitantes.<\/p>\n<p>Playa El Laucho es el lugar ideal para ba\u00f1os de sol, nataci\u00f3n y deportes marinos de poco impacto.<\/p>\n<p>Este balneario es administrado por la Corporaci\u00f3n Municipal de Fomento Productivo \u201cCosta Chinchorro\u201d desde el mes de octubre del a\u00f1o 2018, bajo un nuevo modelo de gesti\u00f3n que propende a la creaci\u00f3n de un producto tur\u00edstico exportable, seguro y de calidad.<\/p>\n<p>Desde el a\u00f1o 2018 contamos con salvavidas que operar\u00e1n durante todo el a\u00f1o, de lunes a domingo de 9:00 a 21:00 horas, adem\u00e1s de personal de aseo dedicado exclusivamente a la mantenci\u00f3n de este sector. En su entorno cuenta con un restaurante, caf\u00e9, snack y foodtrucks. En definitiva, hoy tenemos una playa limpia y segura a la altura de lo que esperan los visitantes.&#8221; font_container=&#8221;tag:h4|font_size:17px|text_align:justify|color:%23333333|line_height:25px&#8221; use_theme_fonts=&#8221;yes&#8221; css=&#8221;.vc_custom_1683307303983{margin-top: 15px !important;margin-bottom: 0px !important;}&#8221; el_class=&#8221;w400&#8243;][\/vc_column][vc_column width=&#8221;1\/2&#8243; el_class=&#8221;round15 galeria&#8221;]        <style>#mdp-glider-slideset-d49d19a093d81a4320a219d281af06a8 .mdp-glider-slideset-container .mdp-slidenav .vc_icon_element-icon { font-size: 30px; }#mdp-glider-slideset-d49d19a093d81a4320a219d281af06a8 .mdp-glider-slideset-container .mdp-slidenav { color: rgba(183,183,183,0.7); }\n             #mdp-glider-slideset-d49d19a093d81a4320a219d281af06a8 .mdp-glider-slideset-container .mdp-dotnav > * > * {\n                background-color: rgba(183,183,183,0.7); \n\t            opacity: 0.5;\n                width: 30px;\n                height: 30px;\n                cursor: pointer;\n            }\n            \n            #mdp-glider-slideset-d49d19a093d81a4320a219d281af06a8 .mdp-glider-slideset-container .mdp-dotnav > * > :hover {\n                opacity: 0.7;\n            }\n            \n\t        #mdp-glider-slideset-d49d19a093d81a4320a219d281af06a8 .mdp-glider-slideset-container .mdp-dotnav > .mdp-active > * { \n\t            background-color: rgba(183,183,183,0.7); \n\t            opacity: 1; \n            }\n        #mdp-glider-slideset-d49d19a093d81a4320a219d281af06a8 .mdp-glider-slideset-container .mdp-slideset > li { display: flex; align-items: center; }.mdp-glider-slideset-item-e5febe2640c2efd493885755e7ff94f2 > div { height: auto; overflow: hidden; }.mdp-glider-slideset-item-e5febe2640c2efd493885755e7ff94f2 > div { display: flex; align-items: center; }.mdp-glider-slideset-item-e5febe2640c2efd493885755e7ff94f2 > div { height: auto; overflow: hidden; }.mdp-glider-slideset-item-e5febe2640c2efd493885755e7ff94f2 > div { display: flex; align-items: center; }.mdp-glider-slideset-item-e5febe2640c2efd493885755e7ff94f2 > div { height: auto; overflow: hidden; }.mdp-glider-slideset-item-e5febe2640c2efd493885755e7ff94f2 > div { display: flex; align-items: center; }.mdp-glider-slideset-item-e5febe2640c2efd493885755e7ff94f2 > div { height: auto; overflow: hidden; }.mdp-glider-slideset-item-e5febe2640c2efd493885755e7ff94f2 > div { display: flex; align-items: center; }.mdp-glider-slideset-item-e5febe2640c2efd493885755e7ff94f2 > div { height: auto; overflow: hidden; }.mdp-glider-slideset-item-e5febe2640c2efd493885755e7ff94f2 > div { display: flex; align-items: center; }<\/style>        <div class=\"mdp-glider-slideset mdp-slidenav-position-center\" id=\"mdp-glider-slideset-d49d19a093d81a4320a219d281af06a8\">\n            <div class=\"mdp-glider-slideset-container vc_custom_1683307483919\" data-mdp-slideset=\"{small: '1', medium: '1', large: '1', animation: 'fade', duration: 800, autoplay: true, autoplayInterval: 6000, pauseOnHover: false}\">\n                <div class=\"mdp-slidenav-position\">\n                    <ul class=\"mdp-grid mdp-slideset mdp-flex-center mdp-grid-collapse\">\n\t                    <li class=\"mdp-glider-slidesetslide mdp-glider-slideset-item-e5febe2640c2efd493885755e7ff94f2\"><div class=\"mdp-flex mdp-flex-center mdp-flex-middle\"><div class=\"mdp-glider-content\"><p><img loading=\"lazy\" decoding=\"async\" class=\"aligncenter size-large wp-image-5761\" src=\"https:\/\/www.costachinchorro.cl\/ccc23\/wp-content\/uploads\/2023\/05\/DSCF5041-1024x682.jpg\" alt=\"\" width=\"1024\" height=\"682\" srcset=\"https:\/\/www.costachinchorro.cl\/ccc23\/wp-content\/uploads\/2023\/05\/DSCF5041-1024x682.jpg 1024w, https:\/\/www.costachinchorro.cl\/ccc23\/wp-content\/uploads\/2023\/05\/DSCF5041-300x200.jpg 300w, https:\/\/www.costachinchorro.cl\/ccc23\/wp-content\/uploads\/2023\/05\/DSCF5041-768x512.jpg 768w, https:\/\/www.costachinchorro.cl\/ccc23\/wp-content\/uploads\/2023\/05\/DSCF5041.jpg 1280w\" sizes=\"auto, (max-width: 1024px) 100vw, 1024px\" \/><\/p>\n<\/div><\/div><\/li><li class=\"mdp-glider-slidesetslide mdp-glider-slideset-item-e5febe2640c2efd493885755e7ff94f2\"><div class=\"mdp-flex mdp-flex-center mdp-flex-middle\"><div class=\"mdp-glider-content\"><p><img loading=\"lazy\" decoding=\"async\" class=\"aligncenter size-large wp-image-60\" src=\"https:\/\/www.costachinchorro.cl\/ccc23\/wp-content\/uploads\/2023\/04\/DSF4113-1024x683.jpg\" alt=\"\" width=\"1024\" height=\"683\" srcset=\"https:\/\/www.costachinchorro.cl\/ccc23\/wp-content\/uploads\/2023\/04\/DSF4113-1024x683.jpg 1024w, https:\/\/www.costachinchorro.cl\/ccc23\/wp-content\/uploads\/2023\/04\/DSF4113-300x200.jpg 300w, https:\/\/www.costachinchorro.cl\/ccc23\/wp-content\/uploads\/2023\/04\/DSF4113-768x512.jpg 768w, https:\/\/www.costachinchorro.cl\/ccc23\/wp-content\/uploads\/2023\/04\/DSF4113-1536x1024.jpg 1536w, https:\/\/www.costachinchorro.cl\/ccc23\/wp-content\/uploads\/2023\/04\/DSF4113.jpg 1920w\" sizes=\"auto, (max-width: 1024px) 100vw, 1024px\" \/><\/p>\n<\/div><\/div><\/li><li class=\"mdp-glider-slidesetslide mdp-glider-slideset-item-e5febe2640c2efd493885755e7ff94f2\"><div class=\"mdp-flex mdp-flex-center mdp-flex-middle\"><div class=\"mdp-glider-content\"><p><img loading=\"lazy\" decoding=\"async\" class=\"aligncenter size-large wp-image-5760\" src=\"https:\/\/www.costachinchorro.cl\/ccc23\/wp-content\/uploads\/2023\/05\/DSCF5033-1024x682.jpg\" alt=\"\" width=\"1024\" height=\"682\" srcset=\"https:\/\/www.costachinchorro.cl\/ccc23\/wp-content\/uploads\/2023\/05\/DSCF5033-1024x682.jpg 1024w, https:\/\/www.costachinchorro.cl\/ccc23\/wp-content\/uploads\/2023\/05\/DSCF5033-300x200.jpg 300w, https:\/\/www.costachinchorro.cl\/ccc23\/wp-content\/uploads\/2023\/05\/DSCF5033-768x512.jpg 768w, https:\/\/www.costachinchorro.cl\/ccc23\/wp-content\/uploads\/2023\/05\/DSCF5033.jpg 1280w\" sizes=\"auto, (max-width: 1024px) 100vw, 1024px\" \/><\/p>\n<\/div><\/div><\/li><li class=\"mdp-glider-slidesetslide mdp-glider-slideset-item-e5febe2640c2efd493885755e7ff94f2\"><div class=\"mdp-flex mdp-flex-center mdp-flex-middle\"><div class=\"mdp-glider-content\"><p><img loading=\"lazy\" decoding=\"async\" class=\"aligncenter size-large wp-image-63\" src=\"https:\/\/www.costachinchorro.cl\/ccc23\/wp-content\/uploads\/2023\/04\/DSF5347-1024x683.jpg\" alt=\"\" width=\"1024\" height=\"683\" srcset=\"https:\/\/www.costachinchorro.cl\/ccc23\/wp-content\/uploads\/2023\/04\/DSF5347-1024x683.jpg 1024w, https:\/\/www.costachinchorro.cl\/ccc23\/wp-content\/uploads\/2023\/04\/DSF5347-300x200.jpg 300w, https:\/\/www.costachinchorro.cl\/ccc23\/wp-content\/uploads\/2023\/04\/DSF5347-768x512.jpg 768w, https:\/\/www.costachinchorro.cl\/ccc23\/wp-content\/uploads\/2023\/04\/DSF5347-1536x1024.jpg 1536w, https:\/\/www.costachinchorro.cl\/ccc23\/wp-content\/uploads\/2023\/04\/DSF5347.jpg 1920w\" sizes=\"auto, (max-width: 1024px) 100vw, 1024px\" \/><\/p>\n<\/div><\/div><\/li><li class=\"mdp-glider-slidesetslide mdp-glider-slideset-item-e5febe2640c2efd493885755e7ff94f2\"><div class=\"mdp-flex mdp-flex-center mdp-flex-middle\"><div class=\"mdp-glider-content\"><p><img loading=\"lazy\" decoding=\"async\" class=\"aligncenter size-large wp-image-5760\" src=\"https:\/\/www.costachinchorro.cl\/ccc23\/wp-content\/uploads\/2023\/05\/DSCF5033-1024x682.jpg\" alt=\"\" width=\"1024\" height=\"682\" srcset=\"https:\/\/www.costachinchorro.cl\/ccc23\/wp-content\/uploads\/2023\/05\/DSCF5033-1024x682.jpg 1024w, https:\/\/www.costachinchorro.cl\/ccc23\/wp-content\/uploads\/2023\/05\/DSCF5033-300x200.jpg 300w, https:\/\/www.costachinchorro.cl\/ccc23\/wp-content\/uploads\/2023\/05\/DSCF5033-768x512.jpg 768w, https:\/\/www.costachinchorro.cl\/ccc23\/wp-content\/uploads\/2023\/05\/DSCF5033.jpg 1280w\" sizes=\"auto, (max-width: 1024px) 100vw, 1024px\" \/><\/p>\n<\/div><\/div><\/li>                    <\/ul>\n\n                                    <\/div>\n\n                \n            <\/div>\n        <\/div>\n\n        [\/vc_column][\/vc_row][vc_row css_animation=&#8221;fadeIn&#8221; css=&#8221;.vc_custom_1683307508377{margin-bottom: 15px !important;}&#8221;][vc_column css=&#8221;.vc_custom_1683307423142{padding-top: 0px !important;}&#8221;][vc_custom_heading text=&#8221;Como parte del nuevo modelo de gesti\u00f3n y el plan de mejoramiento y recuperaci\u00f3n de las instalaciones fiscales de playa El Laucho, se llev\u00f3 a cabo la restauraci\u00f3n y habilitaci\u00f3n de los servicios higi\u00e9nicos completos; se instalaron flux\u00f3metros para el uso eficiente del recurso h\u00eddrico; se limpiaron las bombas; se instal\u00f3 un generador el\u00e9ctrico, entre otras iniciativas.<\/p>\n<p>Actualmente cuenta con control de acceso las 24 horas, y est\u00e1 equipada con c\u00e1maras de seguridad municipales, entreg\u00e1ndole a quien lo visita un ambiente seguro y tranquilo. Adem\u00e1s, cuenta con boyas de seguridad, una sala de enfermer\u00eda completamente equipada para el beneficio de los visitantes; un espacio para informaci\u00f3n tur\u00edstica, que funciona los 7 d\u00edas de la semana y es atendida por profesionales biling\u00fces; adem\u00e1s de un comedor, ba\u00f1os, camarines y lockers para el personal que labora en este balneario.<\/p>\n<p>La Corporaci\u00f3n Municipal Costa Chinchorro aspira convertir esta playa en una playa modelo pa\u00eds, por lo cual est\u00e1 trabajando actualmente, junto a la Municipalidad de Arica y Subdere, en transformarla en una playa inclusiva. De igual forma se espera en un mediano plazo transformarla en una playa autosustentable energ\u00e9ticamente.&#8221; font_container=&#8221;tag:h4|font_size:17px|text_align:justify|color:%23333333|line_height:25px&#8221; use_theme_fonts=&#8221;yes&#8221; css=&#8221;.vc_custom_1683307261717{margin-top: 0px !important;margin-bottom: 25px !important;}&#8221; el_class=&#8221;w400&#8243;][\/vc_column][\/vc_row][vc_row full_width=&#8221;stretch_row&#8221; gap=&#8221;35&#8243; css_animation=&#8221;fadeIn&#8221; bg_type=&#8221;image&#8221; parallax_style=&#8221;vcpb-default&#8221; bg_image_new=&#8221;id^5440|url^https:\/\/www.costachinchorro.cl\/ccc23\/wp-content\/uploads\/2023\/04\/equipo-bg.jpg|caption^null|alt^null|title^equipo-bg|description^null&#8221; bg_img_attach=&#8221;fixed&#8221; css=&#8221;.vc_custom_1683307667151{margin-top: 0px !important;margin-bottom: 0px !important;padding-top: 20px !important;padding-bottom: 30px !important;background-color: #fbf7f4 !important;background-position: 0 0 !important;background-repeat: repeat !important;}&#8221;][vc_column width=&#8221;1\/2&#8243; css=&#8221;.vc_custom_1683307610312{padding-top: 0px !important;}&#8221;][vc_custom_heading text=&#8221;\u00bfQuieres solicitar el espacio para realizar alguna actividad? Rellena el siguiente formulario:&#8221; font_container=&#8221;tag:h4|font_size:17px|text_align:justify|color:%23333333|line_height:1.8&#8243; use_theme_fonts=&#8221;yes&#8221; css=&#8221;.vc_custom_1683047011298{margin-top: 15px !important;margin-bottom: 35px !important;}&#8221; el_class=&#8221;w400&#8243;]\n<div class=\"wpcf7 no-js\" id=\"wpcf7-f6116-o1\" lang=\"es-ES\" dir=\"ltr\" data-wpcf7-id=\"6116\">\n<div class=\"screen-reader-response\"><p role=\"status\" aria-live=\"polite\" aria-atomic=\"true\"><\/p> <ul><\/ul><\/div>\n<form action=\"\/ccc23\/wp-json\/wp\/v2\/pages\/5650#wpcf7-f6116-o1\" method=\"post\" class=\"wpcf7-form init\" aria-label=\"Formulario de contacto\" novalidate=\"novalidate\" data-status=\"init\">\n<fieldset class=\"hidden-fields-container\"><input type=\"hidden\" name=\"_wpcf7\" value=\"6116\" \/><input type=\"hidden\" name=\"_wpcf7_version\" value=\"6.1.3\" \/><input type=\"hidden\" name=\"_wpcf7_locale\" value=\"es_ES\" \/><input type=\"hidden\" name=\"_wpcf7_unit_tag\" value=\"wpcf7-f6116-o1\" \/><input type=\"hidden\" name=\"_wpcf7_container_post\" value=\"0\" \/><input type=\"hidden\" name=\"_wpcf7_posted_data_hash\" value=\"\" \/><input type=\"hidden\" name=\"_wpcf7_recaptcha_response\" value=\"\" \/>\n<\/fieldset>\n<p><label> Nombre contacto<br \/>\n<span class=\"wpcf7-form-control-wrap\" data-name=\"nombre\"><input size=\"40\" maxlength=\"400\" class=\"wpcf7-form-control wpcf7-text wpcf7-validates-as-required\" autocomplete=\"name\" aria-required=\"true\" aria-invalid=\"false\" value=\"\" type=\"text\" name=\"nombre\" \/><\/span> <\/label>\n<\/p>\n<p><label> Correo electr\u00f3nico<br \/>\n<span class=\"wpcf7-form-control-wrap\" data-name=\"email\"><input size=\"40\" maxlength=\"400\" class=\"wpcf7-form-control wpcf7-email wpcf7-validates-as-required wpcf7-text wpcf7-validates-as-email\" autocomplete=\"email\" aria-required=\"true\" aria-invalid=\"false\" value=\"\" type=\"email\" name=\"email\" \/><\/span> <\/label>\n<\/p>\n<p><label> Tel\u00e9fono<br \/>\n<span class=\"wpcf7-form-control-wrap\" data-name=\"telefono\"><input size=\"40\" maxlength=\"400\" class=\"wpcf7-form-control wpcf7-text wpcf7-validates-as-required\" aria-required=\"true\" aria-invalid=\"false\" value=\"\" type=\"text\" name=\"telefono\" \/><\/span> <\/label>\n<\/p>\n<p><label> Fecha a solicitar<br \/>\n<span class=\"wpcf7-form-control-wrap\" data-name=\"fecha\"><input class=\"wpcf7-form-control wpcf7-date wpcf7-validates-as-required wpcf7-validates-as-date\" aria-required=\"true\" aria-invalid=\"false\" value=\"\" type=\"date\" name=\"fecha\" \/><\/span> <\/label>\n<\/p>\n<p><label> Detalle solicitud<br \/>\n<span class=\"wpcf7-form-control-wrap\" data-name=\"mensaje\"><textarea cols=\"10\" rows=\"4\" maxlength=\"2000\" class=\"wpcf7-form-control wpcf7-textarea\" aria-invalid=\"false\" name=\"mensaje\"><\/textarea><\/span> <\/label>\n<\/p>\n<p><label>\n\t<span class=\"wpcf7-form-control-wrap recaptcha\" data-name=\"recaptcha\"><span data-sitekey=\"6Ld-yRUmAAAAAKWL25v-HtY5lk6K8iwtC4v2Fvcu\" class=\"wpcf7-form-control wpcf7-recaptcha g-recaptcha\"><\/span>\r\n<noscript>\r\n\t<div class=\"grecaptcha-noscript\">\r\n\t\t<iframe loading=\"lazy\" src=\"https:\/\/www.google.com\/recaptcha\/api\/fallback?k=6Ld-yRUmAAAAAKWL25v-HtY5lk6K8iwtC4v2Fvcu\" frameborder=\"0\" scrolling=\"no\" width=\"310\" height=\"430\">\r\n\t\t<\/iframe>\r\n\t\t<textarea name=\"g-recaptcha-response\" rows=\"3\" cols=\"40\" placeholder=\"Aqu\u00ed la respuesta de reCAPTCHA\">\r\n\t\t<\/textarea>\r\n\t<\/div>\r\n<\/noscript>\r\n<\/span><\/label>\n<\/p>\n<p><input class=\"wpcf7-form-control wpcf7-submit has-spinner\" type=\"submit\" value=\"Enviar\" \/>\n<\/p><div class=\"wpcf7-response-output\" aria-hidden=\"true\"><\/div>\n<\/form>\n<\/div>\n[\/vc_column][vc_column width=&#8221;1\/2&#8243; css=&#8221;.vc_custom_1683307616777{padding-top: 0px !important;}&#8221;][vc_custom_heading text=&#8221;Horarios&#8221; font_container=&#8221;tag:h3|font_size:42px|text_align:left|color:%231b183a|line_height:50px&#8221; use_theme_fonts=&#8221;yes&#8221; el_class=&#8221;w700&#8243; css=&#8221;.vc_custom_1683047697490{margin-top: 15px !important;margin-bottom: 25px !important;}&#8221;][vc_custom_heading text=&#8221;ESTIVAL 09:00 A 21:00 HRS (salvavidas y ba\u00f1os)<br \/>\nNO ESTIVAL 08:00 A 20:00 HRS (salvavidas y ba\u00f1os)&#8221; font_container=&#8221;tag:h4|font_size:17px|text_align:justify|color:%23333333|line_height:1.8&#8243; use_theme_fonts=&#8221;yes&#8221; css=&#8221;.vc_custom_1718664813385{margin-top: 15px !important;margin-bottom: 35px !important;}&#8221; el_class=&#8221;w400&#8243;][\/vc_column][\/vc_row]<\/p>\n<\/section>","protected":false},"excerpt":{"rendered":"<p>[vc_row equal_height=&#8221;yes&#8221; content_placement=&#8221;top&#8221; css_animation=&#8221;fadeIn&#8221;][vc_column width=&#8221;1\/2&#8243;][vc_custom_heading text=&#8221;Playa El Laucho, balneario ubicado en el borde costero sur de Arica, se encuentra habilitado los 365 d\u00edas del a\u00f1o, condici\u00f3n que comparte junto a playa a la Lisera, transformando a Arica en la \u00fanica ciudad del pa\u00eds con dos playas habilitadas durante todo el a\u00f1o. Est\u00e1 playa se encuentra&hellip;<\/p>\n","protected":false},"author":1,"featured_media":0,"parent":0,"menu_order":0,"comment_status":"closed","ping_status":"closed","template":"","meta":{"footnotes":""},"folder":[],"class_list":["post-5650","page","type-page","status-publish","hentry","description-off"],"_links":{"self":[{"href":"https:\/\/www.costachinchorro.cl\/ccc23\/wp-json\/wp\/v2\/pages\/5650","targetHints":{"allow":["GET"]}}],"collection":[{"href":"https:\/\/www.costachinchorro.cl\/ccc23\/wp-json\/wp\/v2\/pages"}],"about":[{"href":"https:\/\/www.costachinchorro.cl\/ccc23\/wp-json\/wp\/v2\/types\/page"}],"author":[{"embeddable":true,"href":"https:\/\/www.costachinchorro.cl\/ccc23\/wp-json\/wp\/v2\/users\/1"}],"replies":[{"embeddable":true,"href":"https:\/\/www.costachinchorro.cl\/ccc23\/wp-json\/wp\/v2\/comments?post=5650"}],"version-history":[{"count":22,"href":"https:\/\/www.costachinchorro.cl\/ccc23\/wp-json\/wp\/v2\/pages\/5650\/revisions"}],"predecessor-version":[{"id":6600,"href":"https:\/\/www.costachinchorro.cl\/ccc23\/wp-json\/wp\/v2\/pages\/5650\/revisions\/6600"}],"wp:attachment":[{"href":"https:\/\/www.costachinchorro.cl\/ccc23\/wp-json\/wp\/v2\/media?parent=5650"}],"wp:term":[{"taxonomy":"folder","embeddable":true,"href":"https:\/\/www.costachinchorro.cl\/ccc23\/wp-json\/wp\/v2\/folder?post=5650"}],"curies":[{"name":"wp","href":"https:\/\/api.w.org\/{rel}","templated":true}]}}