{"id":5656,"date":"2023-04-28T10:52:30","date_gmt":"2023-04-28T14:52:30","guid":{"rendered":"https:\/\/www.costachinchorro.cl\/ccc23\/?page_id=5656"},"modified":"2026-04-16T10:15:21","modified_gmt":"2026-04-16T14:15:21","slug":"orfeon-de-arica","status":"publish","type":"page","link":"https:\/\/www.costachinchorro.cl\/ccc23\/orfeon-de-arica\/","title":{"rendered":"Orfe\u00f3n de Arica"},"content":{"rendered":"<section class=\"wpb-content-wrapper\"><p>[vc_row gap=&#8221;10&#8243; content_placement=&#8221;top&#8221; css_animation=&#8221;fadeIn&#8221; css=&#8221;.vc_custom_1685051409566{margin-bottom: 25px !important;}&#8221;][vc_column width=&#8221;1\/2&#8243;][vc_custom_heading text=&#8221;El Orfe\u00f3n nace en 1981 bajo la administraci\u00f3n del alcalde Manuel Castillo Ibaceta. Su primer director fue don Enrique Altamirano.<\/p>\n<p>Su segundo director fue Pastor Guti\u00e9rrez Camacho; el a\u00f1o 91 asume la direcci\u00f3n el querido Tito Watson Saborio. Actualmente su director es el trompetista y saxofonista Fernando Arancibia Vielma.<\/p>\n<p>En enero del 2019 el Orfe\u00f3n pas\u00f3 a ser parte de nuestra Corporaci\u00f3n, esto como una manera de entregarle estabilidad a sus integrantes y permitir su proyecci\u00f3n en la comunidad, otorg\u00e1ndoles mejores condiciones laborales y entregando el apoyo necesario para efectuar sus intervenciones art\u00edsticas.<\/p>\n<p>Hoy el Orfe\u00f3n de Arica cuenta con m\u00e1s de 40 a\u00f1os de vida y est\u00e1 compuesto por m\u00fasicos de gran trayectoria, conformado con instrumentos de vientos como clarinetes, trompetas, saxofones, tromb\u00f3n, bar\u00edtonos, tubas; de cuerdas como bajo; y de percusi\u00f3n como bater\u00eda y piano.&#8221; font_container=&#8221;tag:h4|font_size:17px|text_align:justify|color:%23333333|line_height:25px&#8221; use_theme_fonts=&#8221;yes&#8221; css=&#8221;.vc_custom_1683035101076{margin-top: 15px !important;margin-bottom: 25px !important;}&#8221; el_class=&#8221;w400&#8243;]<div class=\"ult-content-box-container \" >\t\t<div class=\"ult-content-box\" style=\"box-shadow: px px px px none;margin-right:20px;margin-left:20px;-webkit-transition: all 700ms ease;-moz-transition: all 700ms ease;-ms-transition: all 700ms ease;-o-transition: all 700ms ease;transition: all 700ms ease;\"  data-hover_box_shadow=\"none\"   data-responsive_margins=\"margin-right:0px;margin-left:0px;\"   data-normal_margins=\"margin-right:20px;margin-left:20px;\"  >\t\t<\/div><\/div>[vc_custom_heading text=&#8221;Agenda Orfe\u00f3n&#8221; font_container=&#8221;tag:h3|font_size:30px|text_align:left|color:%231b183a|line_height:44px&#8221; use_theme_fonts=&#8221;yes&#8221; el_class=&#8221;w700&#8243; css=&#8221;.vc_custom_1685051399678{margin-top: 0px !important;margin-bottom: 25px !important;padding-bottom: 0px !important;}&#8221;][vc_raw_html]JTNDaWZyYW1lJTIwc3JjJTNEJTIyaHR0cHMlM0ElMkYlMkZjYWxlbmRhci5nb29nbGUuY29tJTJGY2FsZW5kYXIlMkZlbWJlZCUzRmhlaWdodCUzRDM4MCUyNndrc3QlM0QyJTI2Ymdjb2xvciUzRCUyNTIzZmZmZmZmJTI2Y3R6JTNEQW1lcmljYSUyNTJGU2FudGlhZ28lMjZzaG93VGl0bGUlM0QwJTI2c2hvd05hdiUzRDElMjZzaG93UHJpbnQlM0QwJTI2c2hvd1R6JTNEMCUyNnNob3dDYWxlbmRhcnMlM0QwJTI2c2hvd1RhYnMlM0QwJTI2bW9kZSUzREFHRU5EQSUyNnNyYyUzRFkyOXpkR0ZqYUdsdVkyaHZjbkp2TG1Oc1gyczJNVEU1YzNKa1lXazRkalE0YTNSMGFqaDBjMnRvYldwdlFHZHliM1Z3TG1OaGJHVnVaR0Z5TG1kdmIyZHNaUzVqYjIwJTI2Y29sb3IlM0QlMjUyMzFiMDBmMCUyMiUyMHN0eWxlJTNEJTIyYm9yZGVyLXdpZHRoJTNBMCUyMiUyMHdpZHRoJTNEJTIyMTAwJTI1JTIyJTIwaGVpZ2h0JTNEJTIyMzYwJTIyJTIwZnJhbWVib3JkZXIlM0QlMjIwJTIyJTIwc2Nyb2xsaW5nJTNEJTIybm8lMjIlM0UlM0MlMkZpZnJhbWUlM0U=[\/vc_raw_html][\/vc_column][vc_column width=&#8221;1\/2&#8243; el_class=&#8221;round15 galeria-orfeon galeria&#8221;]        <style>#mdp-glider-slideset-4a508417c7fbf3809992c538a3aad526 .mdp-glider-slideset-container .mdp-slidenav .vc_icon_element-icon { font-size: 30px; }#mdp-glider-slideset-4a508417c7fbf3809992c538a3aad526 .mdp-glider-slideset-container .mdp-slidenav { color: rgba(183,183,183,0.7); }\n             #mdp-glider-slideset-4a508417c7fbf3809992c538a3aad526 .mdp-glider-slideset-container .mdp-dotnav > * > * {\n                background-color: rgba(183,183,183,0.7); \n\t            opacity: 0.5;\n                width: 30px;\n                height: 30px;\n                cursor: pointer;\n            }\n            \n            #mdp-glider-slideset-4a508417c7fbf3809992c538a3aad526 .mdp-glider-slideset-container .mdp-dotnav > * > :hover {\n                opacity: 0.7;\n            }\n            \n\t        #mdp-glider-slideset-4a508417c7fbf3809992c538a3aad526 .mdp-glider-slideset-container .mdp-dotnav > .mdp-active > * { \n\t            background-color: rgba(183,183,183,0.7); \n\t            opacity: 1; \n            }\n        #mdp-glider-slideset-4a508417c7fbf3809992c538a3aad526 .mdp-glider-slideset-container .mdp-slideset > li { display: flex; align-items: center; }.mdp-glider-slideset-item-e5febe2640c2efd493885755e7ff94f2 > div { height: auto; overflow: hidden; }.mdp-glider-slideset-item-e5febe2640c2efd493885755e7ff94f2 > div { display: flex; align-items: center; }.mdp-glider-slideset-item-d751713988987e9331980363e24189ce > div { height: auto; overflow: hidden; }.mdp-glider-slideset-item-d751713988987e9331980363e24189ce > div { display: flex; align-items: ; }.mdp-glider-slideset-item-e5febe2640c2efd493885755e7ff94f2 > div { height: auto; overflow: hidden; }.mdp-glider-slideset-item-e5febe2640c2efd493885755e7ff94f2 > div { display: flex; align-items: center; }.mdp-glider-slideset-item-d751713988987e9331980363e24189ce > div { height: auto; overflow: hidden; }.mdp-glider-slideset-item-d751713988987e9331980363e24189ce > div { display: flex; align-items: ; }.mdp-glider-slideset-item-e5febe2640c2efd493885755e7ff94f2 > div { height: auto; overflow: hidden; }.mdp-glider-slideset-item-e5febe2640c2efd493885755e7ff94f2 > div { display: flex; align-items: center; }.mdp-glider-slideset-item-d751713988987e9331980363e24189ce > div { height: auto; overflow: hidden; }.mdp-glider-slideset-item-d751713988987e9331980363e24189ce > div { display: flex; align-items: ; }.mdp-glider-slideset-item-e5febe2640c2efd493885755e7ff94f2 > div { height: auto; overflow: hidden; }.mdp-glider-slideset-item-e5febe2640c2efd493885755e7ff94f2 > div { display: flex; align-items: center; }.mdp-glider-slideset-item-d751713988987e9331980363e24189ce > div { height: auto; overflow: hidden; }.mdp-glider-slideset-item-d751713988987e9331980363e24189ce > div { display: flex; align-items: ; }.mdp-glider-slideset-item-e5febe2640c2efd493885755e7ff94f2 > div { height: auto; overflow: hidden; }.mdp-glider-slideset-item-e5febe2640c2efd493885755e7ff94f2 > div { display: flex; align-items: center; }.mdp-glider-slideset-item-d751713988987e9331980363e24189ce > div { height: auto; overflow: hidden; }.mdp-glider-slideset-item-d751713988987e9331980363e24189ce > div { display: flex; align-items: ; }<\/style>        <div class=\"mdp-glider-slideset mdp-slidenav-position-center\" id=\"mdp-glider-slideset-4a508417c7fbf3809992c538a3aad526\">\n            <div class=\"mdp-glider-slideset-container vc_custom_1683039580135\" data-mdp-slideset=\"{small: '1', medium: '1', large: '1', animation: 'fade', duration: 800, autoplay: true, autoplayInterval: 6000, pauseOnHover: false}\">\n                <div class=\"mdp-slidenav-position\">\n                    <ul class=\"mdp-grid mdp-slideset mdp-flex-center mdp-grid-collapse\">\n\t                    <li class=\"mdp-glider-slidesetslide mdp-glider-slideset-item-e5febe2640c2efd493885755e7ff94f2\"><div class=\"mdp-flex mdp-flex-center mdp-flex-middle\"><div class=\"mdp-glider-content\"><p><img loading=\"lazy\" decoding=\"async\" class=\"aligncenter size-large wp-image-5722\" src=\"https:\/\/www.costachinchorro.cl\/ccc23\/wp-content\/uploads\/2023\/05\/orfeon1-1024x682.jpg\" alt=\"\" width=\"1024\" height=\"682\" srcset=\"https:\/\/www.costachinchorro.cl\/ccc23\/wp-content\/uploads\/2023\/05\/orfeon1-1024x682.jpg 1024w, https:\/\/www.costachinchorro.cl\/ccc23\/wp-content\/uploads\/2023\/05\/orfeon1-300x200.jpg 300w, https:\/\/www.costachinchorro.cl\/ccc23\/wp-content\/uploads\/2023\/05\/orfeon1-768x512.jpg 768w, https:\/\/www.costachinchorro.cl\/ccc23\/wp-content\/uploads\/2023\/05\/orfeon1.jpg 1280w\" sizes=\"auto, (max-width: 1024px) 100vw, 1024px\" \/><\/p>\n<\/div><\/div><\/li><li class=\"mdp-glider-slidesetslide mdp-glider-slideset-item-d751713988987e9331980363e24189ce\"><div class=\"mdp-flex mdp-flex-center mdp-flex-middle\"><div class=\"mdp-glider-content\"><p><img loading=\"lazy\" decoding=\"async\" class=\"aligncenter size-large wp-image-5480\" src=\"https:\/\/www.costachinchorro.cl\/ccc23\/wp-content\/uploads\/2023\/04\/DSF6620-1024x683.jpg\" alt=\"\" width=\"1024\" height=\"683\" srcset=\"https:\/\/www.costachinchorro.cl\/ccc23\/wp-content\/uploads\/2023\/04\/DSF6620-1024x683.jpg 1024w, https:\/\/www.costachinchorro.cl\/ccc23\/wp-content\/uploads\/2023\/04\/DSF6620-300x200.jpg 300w, https:\/\/www.costachinchorro.cl\/ccc23\/wp-content\/uploads\/2023\/04\/DSF6620-768x512.jpg 768w, https:\/\/www.costachinchorro.cl\/ccc23\/wp-content\/uploads\/2023\/04\/DSF6620-1536x1024.jpg 1536w, https:\/\/www.costachinchorro.cl\/ccc23\/wp-content\/uploads\/2023\/04\/DSF6620.jpg 1920w\" sizes=\"auto, (max-width: 1024px) 100vw, 1024px\" \/><\/p>\n<\/div><\/div><\/li><li class=\"mdp-glider-slidesetslide mdp-glider-slideset-item-e5febe2640c2efd493885755e7ff94f2\"><div class=\"mdp-flex mdp-flex-center mdp-flex-middle\"><div class=\"mdp-glider-content\"><p><img loading=\"lazy\" decoding=\"async\" class=\"aligncenter size-large wp-image-5723\" src=\"https:\/\/www.costachinchorro.cl\/ccc23\/wp-content\/uploads\/2023\/05\/orfeon3-1024x682.jpg\" alt=\"\" width=\"1024\" height=\"682\" srcset=\"https:\/\/www.costachinchorro.cl\/ccc23\/wp-content\/uploads\/2023\/05\/orfeon3-1024x682.jpg 1024w, https:\/\/www.costachinchorro.cl\/ccc23\/wp-content\/uploads\/2023\/05\/orfeon3-300x200.jpg 300w, https:\/\/www.costachinchorro.cl\/ccc23\/wp-content\/uploads\/2023\/05\/orfeon3-768x512.jpg 768w, https:\/\/www.costachinchorro.cl\/ccc23\/wp-content\/uploads\/2023\/05\/orfeon3.jpg 1280w\" sizes=\"auto, (max-width: 1024px) 100vw, 1024px\" \/><\/p>\n<\/div><\/div><\/li><li class=\"mdp-glider-slidesetslide mdp-glider-slideset-item-d751713988987e9331980363e24189ce\"><div class=\"mdp-flex mdp-flex-center mdp-flex-middle\"><div class=\"mdp-glider-content\"><p><img loading=\"lazy\" decoding=\"async\" class=\"aligncenter size-large wp-image-5479\" src=\"https:\/\/www.costachinchorro.cl\/ccc23\/wp-content\/uploads\/2023\/04\/DSF6537-1024x683.jpg\" alt=\"\" width=\"1024\" height=\"683\" srcset=\"https:\/\/www.costachinchorro.cl\/ccc23\/wp-content\/uploads\/2023\/04\/DSF6537-1024x683.jpg 1024w, https:\/\/www.costachinchorro.cl\/ccc23\/wp-content\/uploads\/2023\/04\/DSF6537-300x200.jpg 300w, https:\/\/www.costachinchorro.cl\/ccc23\/wp-content\/uploads\/2023\/04\/DSF6537-768x512.jpg 768w, https:\/\/www.costachinchorro.cl\/ccc23\/wp-content\/uploads\/2023\/04\/DSF6537-1536x1024.jpg 1536w, https:\/\/www.costachinchorro.cl\/ccc23\/wp-content\/uploads\/2023\/04\/DSF6537.jpg 1920w\" sizes=\"auto, (max-width: 1024px) 100vw, 1024px\" \/><\/p>\n<\/div><\/div><\/li><li class=\"mdp-glider-slidesetslide mdp-glider-slideset-item-e5febe2640c2efd493885755e7ff94f2\"><div class=\"mdp-flex mdp-flex-center mdp-flex-middle\"><div class=\"mdp-glider-content\"><p><img loading=\"lazy\" decoding=\"async\" class=\"aligncenter size-large wp-image-5724\" src=\"https:\/\/www.costachinchorro.cl\/ccc23\/wp-content\/uploads\/2023\/05\/orfeon4-1024x682.jpg\" alt=\"\" width=\"1024\" height=\"682\" srcset=\"https:\/\/www.costachinchorro.cl\/ccc23\/wp-content\/uploads\/2023\/05\/orfeon4-1024x682.jpg 1024w, https:\/\/www.costachinchorro.cl\/ccc23\/wp-content\/uploads\/2023\/05\/orfeon4-300x200.jpg 300w, https:\/\/www.costachinchorro.cl\/ccc23\/wp-content\/uploads\/2023\/05\/orfeon4-768x512.jpg 768w, https:\/\/www.costachinchorro.cl\/ccc23\/wp-content\/uploads\/2023\/05\/orfeon4.jpg 1280w\" sizes=\"auto, (max-width: 1024px) 100vw, 1024px\" \/><\/p>\n<\/div><\/div><\/li><li class=\"mdp-glider-slidesetslide mdp-glider-slideset-item-d751713988987e9331980363e24189ce\"><div class=\"mdp-flex mdp-flex-center mdp-flex-middle\"><div class=\"mdp-glider-content\"><p><img loading=\"lazy\" decoding=\"async\" class=\"aligncenter size-large wp-image-5478\" src=\"https:\/\/www.costachinchorro.cl\/ccc23\/wp-content\/uploads\/2023\/04\/DSF6532-1024x683.jpg\" alt=\"\" width=\"1024\" height=\"683\" srcset=\"https:\/\/www.costachinchorro.cl\/ccc23\/wp-content\/uploads\/2023\/04\/DSF6532-1024x683.jpg 1024w, https:\/\/www.costachinchorro.cl\/ccc23\/wp-content\/uploads\/2023\/04\/DSF6532-300x200.jpg 300w, https:\/\/www.costachinchorro.cl\/ccc23\/wp-content\/uploads\/2023\/04\/DSF6532-768x512.jpg 768w, https:\/\/www.costachinchorro.cl\/ccc23\/wp-content\/uploads\/2023\/04\/DSF6532-1536x1024.jpg 1536w, https:\/\/www.costachinchorro.cl\/ccc23\/wp-content\/uploads\/2023\/04\/DSF6532.jpg 1920w\" sizes=\"auto, (max-width: 1024px) 100vw, 1024px\" \/><\/p>\n<\/div><\/div><\/li><li class=\"mdp-glider-slidesetslide mdp-glider-slideset-item-e5febe2640c2efd493885755e7ff94f2\"><div class=\"mdp-flex mdp-flex-center mdp-flex-middle\"><div class=\"mdp-glider-content\"><p><img loading=\"lazy\" decoding=\"async\" class=\"aligncenter size-large wp-image-5726\" src=\"https:\/\/www.costachinchorro.cl\/ccc23\/wp-content\/uploads\/2023\/05\/orfeon10-1024x682.jpg\" alt=\"\" width=\"1024\" height=\"682\" srcset=\"https:\/\/www.costachinchorro.cl\/ccc23\/wp-content\/uploads\/2023\/05\/orfeon10-1024x682.jpg 1024w, https:\/\/www.costachinchorro.cl\/ccc23\/wp-content\/uploads\/2023\/05\/orfeon10-300x200.jpg 300w, https:\/\/www.costachinchorro.cl\/ccc23\/wp-content\/uploads\/2023\/05\/orfeon10-768x512.jpg 768w, https:\/\/www.costachinchorro.cl\/ccc23\/wp-content\/uploads\/2023\/05\/orfeon10.jpg 1280w\" sizes=\"auto, (max-width: 1024px) 100vw, 1024px\" \/><\/p>\n<\/div><\/div><\/li><li class=\"mdp-glider-slidesetslide mdp-glider-slideset-item-d751713988987e9331980363e24189ce\"><div class=\"mdp-flex mdp-flex-center mdp-flex-middle\"><div class=\"mdp-glider-content\"><p><img loading=\"lazy\" decoding=\"async\" class=\"aligncenter size-large wp-image-5477\" src=\"https:\/\/www.costachinchorro.cl\/ccc23\/wp-content\/uploads\/2023\/04\/DSF6567-1-1024x683.jpg\" alt=\"\" width=\"1024\" height=\"683\" srcset=\"https:\/\/www.costachinchorro.cl\/ccc23\/wp-content\/uploads\/2023\/04\/DSF6567-1-1024x683.jpg 1024w, https:\/\/www.costachinchorro.cl\/ccc23\/wp-content\/uploads\/2023\/04\/DSF6567-1-300x200.jpg 300w, https:\/\/www.costachinchorro.cl\/ccc23\/wp-content\/uploads\/2023\/04\/DSF6567-1-768x512.jpg 768w, https:\/\/www.costachinchorro.cl\/ccc23\/wp-content\/uploads\/2023\/04\/DSF6567-1-1536x1024.jpg 1536w, https:\/\/www.costachinchorro.cl\/ccc23\/wp-content\/uploads\/2023\/04\/DSF6567-1.jpg 1920w\" sizes=\"auto, (max-width: 1024px) 100vw, 1024px\" \/><\/p>\n<\/div><\/div><\/li><li class=\"mdp-glider-slidesetslide mdp-glider-slideset-item-e5febe2640c2efd493885755e7ff94f2\"><div class=\"mdp-flex mdp-flex-center mdp-flex-middle\"><div class=\"mdp-glider-content\"><p><img loading=\"lazy\" decoding=\"async\" class=\"aligncenter size-large wp-image-5725\" src=\"https:\/\/www.costachinchorro.cl\/ccc23\/wp-content\/uploads\/2023\/05\/orfeon8-1024x682.jpg\" alt=\"\" width=\"1024\" height=\"682\" srcset=\"https:\/\/www.costachinchorro.cl\/ccc23\/wp-content\/uploads\/2023\/05\/orfeon8-1024x682.jpg 1024w, https:\/\/www.costachinchorro.cl\/ccc23\/wp-content\/uploads\/2023\/05\/orfeon8-300x200.jpg 300w, https:\/\/www.costachinchorro.cl\/ccc23\/wp-content\/uploads\/2023\/05\/orfeon8-768x512.jpg 768w, https:\/\/www.costachinchorro.cl\/ccc23\/wp-content\/uploads\/2023\/05\/orfeon8.jpg 1280w\" sizes=\"auto, (max-width: 1024px) 100vw, 1024px\" \/><\/p>\n<\/div><\/div><\/li><li class=\"mdp-glider-slidesetslide mdp-glider-slideset-item-d751713988987e9331980363e24189ce\"><div class=\"mdp-flex mdp-flex-center mdp-flex-middle\"><div class=\"mdp-glider-content\"><p><img loading=\"lazy\" decoding=\"async\" class=\"aligncenter size-large wp-image-5476\" src=\"https:\/\/www.costachinchorro.cl\/ccc23\/wp-content\/uploads\/2023\/04\/DSF6564-1-1024x683.jpg\" alt=\"\" width=\"1024\" height=\"683\" srcset=\"https:\/\/www.costachinchorro.cl\/ccc23\/wp-content\/uploads\/2023\/04\/DSF6564-1-1024x683.jpg 1024w, https:\/\/www.costachinchorro.cl\/ccc23\/wp-content\/uploads\/2023\/04\/DSF6564-1-300x200.jpg 300w, https:\/\/www.costachinchorro.cl\/ccc23\/wp-content\/uploads\/2023\/04\/DSF6564-1-768x512.jpg 768w, https:\/\/www.costachinchorro.cl\/ccc23\/wp-content\/uploads\/2023\/04\/DSF6564-1-1536x1024.jpg 1536w, https:\/\/www.costachinchorro.cl\/ccc23\/wp-content\/uploads\/2023\/04\/DSF6564-1.jpg 1920w\" sizes=\"auto, (max-width: 1024px) 100vw, 1024px\" \/><\/p>\n<\/div><\/div><\/li>                    <\/ul>\n\n                                    <\/div>\n\n                \n            <\/div>\n        <\/div>\n\n        [vc_video link=&#8221;https:\/\/www.youtube.com\/watch?v=doQZctJ4Qsw&#8221; align=&#8221;center&#8221;][\/vc_column][\/vc_row][vc_row disable_element=&#8221;yes&#8221; css=&#8221;.vc_custom_1684205647027{margin-bottom: 25px !important;}&#8221;][vc_column][vc_custom_heading text=&#8221;Integrantes&#8221; font_container=&#8221;tag:h3|font_size:30px|text_align:left|color:%231b183a|line_height:44px&#8221; use_theme_fonts=&#8221;yes&#8221; el_class=&#8221;w700&#8243; css=&#8221;.vc_custom_1683038255279{margin-top: 0px !important;margin-bottom: 25px !important;padding-bottom: 0px !important;}&#8221;][\/vc_column][vc_column width=&#8221;1\/3&#8243;][vc_custom_heading text=&#8221;Fernando Arancibia, director<br \/>\nEsteban Rodr\u00edguez Molina, clarinetista<br \/>\nRuben Aguirre Urra, percusionista<br \/>\nCesar Paucara Rojas, saxofonista<br \/>\nRicardo Rodr\u00edguez Aravire, trompetista<br \/>\nMiguel \u00c1ngel Ca\u00f1ipa Ponce, trompetista&#8221; font_container=&#8221;tag:h4|font_size:17px|text_align:left|color:%23333333|line_height:25px&#8221; use_theme_fonts=&#8221;yes&#8221; css=&#8221;.vc_custom_1683384899097{margin-top: 0px !important;margin-bottom: 0px !important;padding-top: 0px !important;}&#8221; el_class=&#8221;w400&#8243;][\/vc_column][vc_column width=&#8221;1\/3&#8243;][vc_custom_heading text=&#8221;Fabi\u00e1n Zavala Taucare, trompetista<br \/>\nFreddy Barraza Meza, trompetista<br \/>\nJimmy Cortes Cruz, bajista<br \/>\nRoberto Guerra Flores, bar\u00edtono<br \/>\nHeriberto Chavez Varas, trombonista<br \/>\nManuel Ram\u00edrez Quevedo, bajista&#8221; font_container=&#8221;tag:h4|font_size:17px|text_align:left|color:%23333333|line_height:25px&#8221; use_theme_fonts=&#8221;yes&#8221; css=&#8221;.vc_custom_1683384903931{margin-top: 0px !important;margin-bottom: 0px !important;padding-top: 0px !important;}&#8221; el_class=&#8221;w400&#8243;][\/vc_column][vc_column width=&#8221;1\/3&#8243;][vc_custom_heading text=&#8221;Christian Cort\u00e9s Cort\u00e9s<br \/>\nH\u00e9ctor Rodr\u00edguez Ararive, percusionista<br \/>\nJorge Zamora Videla, saxofonista<br \/>\nJuan Morales Poblete, bajista<br \/>\nJos\u00e9 G\u00f3mez Castillo, clarinetista<br \/>\nCamila Caucoto Carvajal, cantante&#8221; font_container=&#8221;tag:h4|font_size:17px|text_align:left|color:%23333333|line_height:25px&#8221; use_theme_fonts=&#8221;yes&#8221; css=&#8221;.vc_custom_1683384909012{margin-top: 0px !important;margin-bottom: 25px !important;padding-top: 0px !important;}&#8221; el_class=&#8221;w400&#8243;][\/vc_column][\/vc_row][vc_row full_width=&#8221;stretch_row&#8221; gap=&#8221;35&#8243; css_animation=&#8221;fadeIn&#8221; bg_type=&#8221;image&#8221; parallax_style=&#8221;vcpb-default&#8221; bg_image_new=&#8221;id^5440|url^https:\/\/www.costachinchorro.cl\/ccc23\/wp-content\/uploads\/2023\/04\/equipo-bg.jpg|caption^null|alt^null|title^equipo-bg|description^null&#8221; bg_img_attach=&#8221;fixed&#8221; css=&#8221;.vc_custom_1683042167991{margin-top: 25px !important;padding-top: 40px !important;padding-bottom: 40px !important;background-color: #fbf7f4 !important;background-position: 0 0 !important;background-repeat: repeat !important;}&#8221;][vc_column width=&#8221;1\/2&#8243;][vc_custom_heading text=&#8221;El Orfe\u00f3n ha estado presente en momentos hist\u00f3ricos para Arica, como el momento en que se cre\u00f3 la nueva regi\u00f3n o la lucha que se dio en el Congreso para que se aprobar\u00e1n las leyes Arica I y II. Han sido parte de celebraciones, aniversarios, ceremonias y tambi\u00e9n despedidas, siendo parte importante del imaginario de nuestra regi\u00f3n.<\/p>\n<p>Si quieres que el Orfe\u00f3n de Arica sea parte de tu actividad comunitaria, por favor completa el formulario a continuaci\u00f3n y nos pondremos en contacto contigo para coordinar.&#8221; font_container=&#8221;tag:h4|font_size:17px|text_align:justify|color:%23333333|line_height:25px&#8221; use_theme_fonts=&#8221;yes&#8221; css=&#8221;.vc_custom_1683042044146{margin-top: 0px !important;margin-bottom: 45px !important;}&#8221; el_class=&#8221;w400&#8243;][\/vc_column][vc_column width=&#8221;1\/2&#8243;][vc_empty_space height=&#8221;0px&#8221;]\n<div class=\"wpcf7 no-js\" id=\"wpcf7-f5732-o1\" lang=\"es-ES\" dir=\"ltr\" data-wpcf7-id=\"5732\">\n<div class=\"screen-reader-response\"><p role=\"status\" aria-live=\"polite\" aria-atomic=\"true\"><\/p> <ul><\/ul><\/div>\n<form action=\"\/ccc23\/wp-json\/wp\/v2\/pages\/5656#wpcf7-f5732-o1\" method=\"post\" class=\"wpcf7-form init\" aria-label=\"Formulario de contacto\" novalidate=\"novalidate\" data-status=\"init\">\n<fieldset class=\"hidden-fields-container\"><input type=\"hidden\" name=\"_wpcf7\" value=\"5732\" \/><input type=\"hidden\" name=\"_wpcf7_version\" value=\"6.1.3\" \/><input type=\"hidden\" name=\"_wpcf7_locale\" value=\"es_ES\" \/><input type=\"hidden\" name=\"_wpcf7_unit_tag\" value=\"wpcf7-f5732-o1\" \/><input type=\"hidden\" name=\"_wpcf7_container_post\" value=\"0\" \/><input type=\"hidden\" name=\"_wpcf7_posted_data_hash\" value=\"\" \/><input type=\"hidden\" name=\"_wpcf7_recaptcha_response\" value=\"\" \/>\n<\/fieldset>\n<p><label> Nombre contacto<br \/>\n<span class=\"wpcf7-form-control-wrap\" data-name=\"nombre\"><input size=\"40\" maxlength=\"400\" class=\"wpcf7-form-control wpcf7-text wpcf7-validates-as-required\" autocomplete=\"name\" aria-required=\"true\" aria-invalid=\"false\" value=\"\" type=\"text\" name=\"nombre\" \/><\/span> <\/label>\n<\/p>\n<p><label> Correo electr\u00f3nico<br \/>\n<span class=\"wpcf7-form-control-wrap\" data-name=\"email\"><input size=\"40\" maxlength=\"400\" class=\"wpcf7-form-control wpcf7-email wpcf7-validates-as-required wpcf7-text wpcf7-validates-as-email\" autocomplete=\"email\" aria-required=\"true\" aria-invalid=\"false\" value=\"\" type=\"email\" name=\"email\" \/><\/span> <\/label>\n<\/p>\n<p><label> Tel\u00e9fono<br \/>\n<span class=\"wpcf7-form-control-wrap\" data-name=\"tel-153\"><input size=\"40\" maxlength=\"400\" class=\"wpcf7-form-control wpcf7-tel wpcf7-text wpcf7-validates-as-tel\" aria-invalid=\"false\" value=\"\" type=\"tel\" name=\"tel-153\" \/><\/span> <\/label>\n<\/p>\n<p><label> Fecha de presentaci\u00f3n<br \/>\n<span class=\"wpcf7-form-control-wrap\" data-name=\"date-750\"><input class=\"wpcf7-form-control wpcf7-date wpcf7-validates-as-date\" min=\"2026-04-16\" aria-invalid=\"false\" value=\"\" type=\"date\" name=\"date-750\" \/><\/span> <\/label>\n<\/p>\n<p><label> Actividad o motivo<br \/>\n<span class=\"wpcf7-form-control-wrap\" data-name=\"actividad\"><input size=\"40\" maxlength=\"400\" class=\"wpcf7-form-control wpcf7-text wpcf7-validates-as-required\" aria-required=\"true\" aria-invalid=\"false\" value=\"\" type=\"text\" name=\"actividad\" \/><\/span> <\/label>\n<\/p>\n<p><label> Direcci\u00f3n<br \/>\n<span class=\"wpcf7-form-control-wrap\" data-name=\"direccion\"><input size=\"40\" maxlength=\"400\" class=\"wpcf7-form-control wpcf7-text wpcf7-validates-as-required\" aria-required=\"true\" aria-invalid=\"false\" value=\"\" type=\"text\" name=\"direccion\" \/><\/span> <\/label>\n<\/p>\n<p><label> Detalle solicitud<br \/>\n<span class=\"wpcf7-form-control-wrap\" data-name=\"mensaje\"><textarea cols=\"10\" rows=\"4\" maxlength=\"2000\" class=\"wpcf7-form-control wpcf7-textarea\" aria-invalid=\"false\" name=\"mensaje\"><\/textarea><\/span> <\/label>\n<\/p>\n<span class=\"wpcf7-form-control-wrap recaptcha\" data-name=\"recaptcha\"><span data-sitekey=\"6Ld-yRUmAAAAAKWL25v-HtY5lk6K8iwtC4v2Fvcu\" class=\"wpcf7-form-control wpcf7-recaptcha g-recaptcha\"><\/span>\r\n<noscript>\r\n\t<div class=\"grecaptcha-noscript\">\r\n\t\t<iframe loading=\"lazy\" src=\"https:\/\/www.google.com\/recaptcha\/api\/fallback?k=6Ld-yRUmAAAAAKWL25v-HtY5lk6K8iwtC4v2Fvcu\" frameborder=\"0\" scrolling=\"no\" width=\"310\" height=\"430\">\r\n\t\t<\/iframe>\r\n\t\t<textarea name=\"g-recaptcha-response\" rows=\"3\" cols=\"40\" placeholder=\"Aqu\u00ed la respuesta de reCAPTCHA\">\r\n\t\t<\/textarea>\r\n\t<\/div>\r\n<\/noscript>\r\n<\/span>\n<p><input class=\"wpcf7-form-control wpcf7-submit has-spinner\" type=\"submit\" value=\"Enviar\" \/>\n<\/p><div class=\"wpcf7-response-output\" aria-hidden=\"true\"><\/div>\n<\/form>\n<\/div>\n[\/vc_column][\/vc_row]<\/p>\n<\/section>","protected":false},"excerpt":{"rendered":"<p>[vc_row gap=&#8221;10&#8243; content_placement=&#8221;top&#8221; css_animation=&#8221;fadeIn&#8221; css=&#8221;.vc_custom_1685051409566{margin-bottom: 25px !important;}&#8221;][vc_column width=&#8221;1\/2&#8243;][vc_custom_heading text=&#8221;El Orfe\u00f3n nace en 1981 bajo la administraci\u00f3n del alcalde Manuel Castillo Ibaceta. Su primer director fue don Enrique Altamirano. Su segundo director fue Pastor Guti\u00e9rrez Camacho; el a\u00f1o 91 asume la direcci\u00f3n el querido Tito Watson Saborio. Actualmente su director es el trompetista y saxofonista Fernando&hellip;<\/p>\n","protected":false},"author":1,"featured_media":0,"parent":0,"menu_order":0,"comment_status":"closed","ping_status":"closed","template":"","meta":{"footnotes":""},"folder":[],"class_list":["post-5656","page","type-page","status-publish","hentry","description-off"],"_links":{"self":[{"href":"https:\/\/www.costachinchorro.cl\/ccc23\/wp-json\/wp\/v2\/pages\/5656","targetHints":{"allow":["GET"]}}],"collection":[{"href":"https:\/\/www.costachinchorro.cl\/ccc23\/wp-json\/wp\/v2\/pages"}],"about":[{"href":"https:\/\/www.costachinchorro.cl\/ccc23\/wp-json\/wp\/v2\/types\/page"}],"author":[{"embeddable":true,"href":"https:\/\/www.costachinchorro.cl\/ccc23\/wp-json\/wp\/v2\/users\/1"}],"replies":[{"embeddable":true,"href":"https:\/\/www.costachinchorro.cl\/ccc23\/wp-json\/wp\/v2\/comments?post=5656"}],"version-history":[{"count":46,"href":"https:\/\/www.costachinchorro.cl\/ccc23\/wp-json\/wp\/v2\/pages\/5656\/revisions"}],"predecessor-version":[{"id":9029,"href":"https:\/\/www.costachinchorro.cl\/ccc23\/wp-json\/wp\/v2\/pages\/5656\/revisions\/9029"}],"wp:attachment":[{"href":"https:\/\/www.costachinchorro.cl\/ccc23\/wp-json\/wp\/v2\/media?parent=5656"}],"wp:term":[{"taxonomy":"folder","embeddable":true,"href":"https:\/\/www.costachinchorro.cl\/ccc23\/wp-json\/wp\/v2\/folder?post=5656"}],"curies":[{"name":"wp","href":"https:\/\/api.w.org\/{rel}","templated":true}]}}